{"id":1557,"date":"2020-06-20T06:51:37","date_gmt":"2020-06-20T06:51:37","guid":{"rendered":"http:\/\/ostrodacamp.pl\/?page_id=1557"},"modified":"2020-11-27T11:02:36","modified_gmt":"2020-11-27T11:02:36","slug":"kapielisko","status":"publish","type":"page","link":"https:\/\/ostrodacamp.pl\/index.php\/kapielisko\/","title":{"rendered":"K\u0104PIELISKO"},"content":{"rendered":"\t\t<div data-elementor-type=\"wp-page\" data-elementor-id=\"1557\" class=\"elementor elementor-1557\">\n\t\t\t\t\t\t<section class=\"elementor-section elementor-top-section elementor-element elementor-element-602091b elementor-section-boxed elementor-section-height-default elementor-section-height-default\" data-id=\"602091b\" data-element_type=\"section\" data-e-type=\"section\">\n\t\t\t\t\t\t<div class=\"elementor-container elementor-column-gap-default\">\n\t\t\t\t\t<div class=\"elementor-column elementor-col-100 elementor-top-column elementor-element elementor-element-111e23d\" data-id=\"111e23d\" data-element_type=\"column\" data-e-type=\"column\">\n\t\t\t<div class=\"elementor-widget-wrap elementor-element-populated\">\n\t\t\t\t\t\t<div class=\"elementor-element elementor-element-3202bac elementor-heading__align-center elementor-widget elementor-widget-heading\" data-id=\"3202bac\" data-element_type=\"widget\" data-e-type=\"widget\" data-widget_type=\"heading.default\">\n\t\t\t\t<div class=\"elementor-widget-container\">\n\t\t\t\t\t<i class=\"icon_before fa fa-anchor\" aria-hidden=\"true\"><\/i><h1 class=\"elementor-heading-title elementor-size-xl\">Strze\u017cona pla\u017ca na wy\u0142\u0105czno\u015b\u0107<\/h1>\t\t\t\t<\/div>\n\t\t\t\t<\/div>\n\t\t\t\t<section class=\"elementor-section elementor-inner-section elementor-element elementor-element-6b5886e elementor-section-boxed elementor-section-height-default elementor-section-height-default\" data-id=\"6b5886e\" data-element_type=\"section\" data-e-type=\"section\">\n\t\t\t\t\t\t<div class=\"elementor-container elementor-column-gap-default\">\n\t\t\t\t\t<div class=\"elementor-column elementor-col-50 elementor-inner-column elementor-element elementor-element-3294564\" data-id=\"3294564\" data-element_type=\"column\" data-e-type=\"column\">\n\t\t\t<div class=\"elementor-widget-wrap elementor-element-populated\">\n\t\t\t\t\t\t<div class=\"elementor-element elementor-element-09fe0b3 elementor-widget elementor-widget-image\" data-id=\"09fe0b3\" data-element_type=\"widget\" data-e-type=\"widget\" data-widget_type=\"image.default\">\n\t\t\t\t<div class=\"elementor-widget-container\">\n\t\t\t\t\t\t\t\t\t\t\t\t\t\t\t<img decoding=\"async\" src=\"https:\/\/ostrodacamp.pl\/wp-content\/uploads\/2020\/06\/96651051_3235730076438750_4600180067329376256_o.jpg\" title=\"96651051_3235730076438750_4600180067329376256_o\" alt=\"96651051_3235730076438750_4600180067329376256_o\" loading=\"lazy\" \/>\t\t\t\t\t\t\t\t\t\t\t\t\t\t\t<\/div>\n\t\t\t\t<\/div>\n\t\t\t\t\t<\/div>\n\t\t<\/div>\n\t\t\t\t<div class=\"elementor-column elementor-col-50 elementor-inner-column elementor-element elementor-element-5d2e2ed\" data-id=\"5d2e2ed\" data-element_type=\"column\" data-e-type=\"column\">\n\t\t\t<div class=\"elementor-widget-wrap elementor-element-populated\">\n\t\t\t\t\t\t<div class=\"elementor-element elementor-element-4c9e449 elementor-widget elementor-widget-image\" data-id=\"4c9e449\" data-element_type=\"widget\" data-e-type=\"widget\" data-widget_type=\"image.default\">\n\t\t\t\t<div class=\"elementor-widget-container\">\n\t\t\t\t\t\t\t\t\t\t\t\t\t\t\t<img fetchpriority=\"high\" decoding=\"async\" width=\"600\" height=\"400\" src=\"https:\/\/ostrodacamp.pl\/wp-content\/uploads\/2020\/10\/OC_2019_lato_036-1024x683.jpg\" class=\"attachment-large size-large wp-image-1711\" alt=\"\" srcset=\"https:\/\/ostrodacamp.pl\/wp-content\/uploads\/2020\/10\/OC_2019_lato_036-1024x683.jpg 1024w, https:\/\/ostrodacamp.pl\/wp-content\/uploads\/2020\/10\/OC_2019_lato_036-300x200.jpg 300w, https:\/\/ostrodacamp.pl\/wp-content\/uploads\/2020\/10\/OC_2019_lato_036-768x512.jpg 768w, https:\/\/ostrodacamp.pl\/wp-content\/uploads\/2020\/10\/OC_2019_lato_036-1536x1024.jpg 1536w, https:\/\/ostrodacamp.pl\/wp-content\/uploads\/2020\/10\/OC_2019_lato_036-400x267.jpg 400w, https:\/\/ostrodacamp.pl\/wp-content\/uploads\/2020\/10\/OC_2019_lato_036.jpg 1900w\" sizes=\"(max-width: 600px) 100vw, 600px\" \/>\t\t\t\t\t\t\t\t\t\t\t\t\t\t\t<\/div>\n\t\t\t\t<\/div>\n\t\t\t\t\t<\/div>\n\t\t<\/div>\n\t\t\t\t\t<\/div>\n\t\t<\/section>\n\t\t\t\t<section class=\"elementor-section elementor-inner-section elementor-element elementor-element-b0a9efa elementor-section-boxed elementor-section-height-default elementor-section-height-default\" data-id=\"b0a9efa\" data-element_type=\"section\" data-e-type=\"section\">\n\t\t\t\t\t\t<div class=\"elementor-container elementor-column-gap-default\">\n\t\t\t\t\t<div class=\"elementor-column elementor-col-50 elementor-inner-column elementor-element elementor-element-8b471c2\" data-id=\"8b471c2\" data-element_type=\"column\" data-e-type=\"column\">\n\t\t\t<div class=\"elementor-widget-wrap elementor-element-populated\">\n\t\t\t\t\t\t<div class=\"elementor-element elementor-element-9cdad32 elementor-widget elementor-widget-text-editor\" data-id=\"9cdad32\" data-element_type=\"widget\" data-e-type=\"widget\" data-widget_type=\"text-editor.default\">\n\t\t\t\t<div class=\"elementor-widget-container\">\n\t\t\t\t\t\t\t\t\t<p style=\"box-sizing: border-box; margin: 0px 0px 1.5em; padding: 0px; caret-color: #9ea0a6; color: #9ea0a6; font-family: Montserrat, sans-serif; font-size: 14px; font-style: normal; font-variant-caps: normal; font-weight: normal; letter-spacing: normal; orphans: auto; text-align: start; text-indent: 0px; text-transform: none; white-space: normal; widows: auto; word-spacing: 0px; -webkit-text-size-adjust: auto; -webkit-text-stroke-width: 0px; text-decoration: none;\">Go\u015bcie odwiedzaj\u0105cy Ostr\u00f3da CAMP maj\u0105 bezp\u0142atny dost\u0119p do strze\u017conego k\u0105pieliska oraz sprz\u0119tu do rekreacji i wypoczynku na wodzie!\u00a0<\/p>\n<p style=\"box-sizing: border-box; margin: 0px 0px 1.5em; padding: 0px; caret-color: #9ea0a6; color: #9ea0a6; font-family: Montserrat, sans-serif; font-size: 14px; font-style: normal; font-variant-caps: normal; font-weight: normal; letter-spacing: normal; orphans: auto; text-align: start; text-indent: 0px; text-transform: none; white-space: normal; widows: auto; word-spacing: 0px; -webkit-text-size-adjust: auto; -webkit-text-stroke-width: 0px; text-decoration: none;\">O\u015brodek Ostr\u00f3da CAMP jest po\u0142o\u017cony bezpo\u015brednio nad jeziorem Perskim. Wychodz\u0105c przez tyln\u0105 bram\u0119 o\u015brodka, wystarczy przej\u015b\u0107 15 krok\u00f3w, aby znale\u017a\u0107 si\u0119 bezpo\u015brednio nad wod\u0105, na pla\u017cy z \u0142agodnym zej\u015bciem do wody i licznymi atrakcjami, maj\u0105cymi na celu umilenie naszym go\u015bciom korzystanie z k\u0105pieliska.\u00a0<\/p>\n<p style=\"box-sizing: border-box; margin: 0px 0px 1.5em; padding: 0px; caret-color: #9ea0a6; color: #9ea0a6; font-family: Montserrat, sans-serif; font-size: 14px; font-style: normal; font-variant-caps: normal; font-weight: normal; letter-spacing: normal; orphans: auto; text-align: start; text-indent: 0px; text-transform: none; white-space: normal; widows: auto; word-spacing: 0px; -webkit-text-size-adjust: auto; -webkit-text-stroke-width: 0px; text-decoration: none;\">Codziennie w wyznaczonych godzinach mo\u017cna si\u0119 k\u0105pa\u0107 pod opiek\u0105 ratownika.<\/p>\n<p style=\"box-sizing: border-box; margin: 0px 0px 1.5em; padding: 0px; caret-color: #9ea0a6; color: #9ea0a6; font-family: Montserrat, sans-serif; font-size: 14px; font-style: normal; font-variant-caps: normal; font-weight: normal; letter-spacing: normal; orphans: auto; text-align: start; text-indent: 0px; text-transform: none; white-space: normal; widows: auto; word-spacing: 0px; -webkit-text-size-adjust: auto; -webkit-text-stroke-width: 0px; text-decoration: none;\">Woda w jeziorze jest wielokrotnie w ci\u0105gu lata sprawdzana pod wzgl\u0119dem czysto\u015bci i ewentualnych zagro\u017ce\u0144.<\/p>\t\t\t\t\t\t\t\t<\/div>\n\t\t\t\t<\/div>\n\t\t\t\t\t<\/div>\n\t\t<\/div>\n\t\t\t\t<div class=\"elementor-column elementor-col-50 elementor-inner-column elementor-element elementor-element-bc45022\" data-id=\"bc45022\" data-element_type=\"column\" data-e-type=\"column\">\n\t\t\t<div class=\"elementor-widget-wrap elementor-element-populated\">\n\t\t\t\t\t\t<div class=\"elementor-element elementor-element-1726b4f elementor-widget elementor-widget-image\" data-id=\"1726b4f\" data-element_type=\"widget\" data-e-type=\"widget\" data-widget_type=\"image.default\">\n\t\t\t\t<div class=\"elementor-widget-container\">\n\t\t\t\t\t\t\t\t\t\t\t\t\t\t\t<img decoding=\"async\" src=\"https:\/\/ostrodacamp.pl\/wp-content\/uploads\/2020\/10\/galeria009-1.jpg\" title=\"galeria009\" alt=\"galeria009\" loading=\"lazy\" \/>\t\t\t\t\t\t\t\t\t\t\t\t\t\t\t<\/div>\n\t\t\t\t<\/div>\n\t\t\t\t\t<\/div>\n\t\t<\/div>\n\t\t\t\t\t<\/div>\n\t\t<\/section>\n\t\t\t\t\t<\/div>\n\t\t<\/div>\n\t\t\t\t\t<\/div>\n\t\t<\/section>\n\t\t\t\t<section class=\"elementor-section elementor-top-section elementor-element elementor-element-af32464 elementor-section-boxed elementor-section-height-default elementor-section-height-default\" data-id=\"af32464\" data-element_type=\"section\" data-e-type=\"section\">\n\t\t\t\t\t\t<div class=\"elementor-container elementor-column-gap-default\">\n\t\t\t\t\t<div class=\"elementor-column elementor-col-100 elementor-top-column elementor-element elementor-element-75a68dea\" data-id=\"75a68dea\" data-element_type=\"column\" data-e-type=\"column\">\n\t\t\t<div class=\"elementor-widget-wrap elementor-element-populated\">\n\t\t\t\t\t\t<div class=\"elementor-element elementor-element-f98fda2 elementor-widget elementor-widget-spacer\" data-id=\"f98fda2\" data-element_type=\"widget\" data-e-type=\"widget\" data-widget_type=\"spacer.default\">\n\t\t\t\t<div class=\"elementor-widget-container\">\n\t\t\t\t\t\t\t<div class=\"elementor-spacer\">\n\t\t\t<div class=\"elementor-spacer-inner\"><\/div>\n\t\t<\/div>\n\t\t\t\t\t\t<\/div>\n\t\t\t\t<\/div>\n\t\t\t\t<div class=\"elementor-element elementor-element-fc8a629 elementor-heading__align-center elementor-widget elementor-widget-heading\" data-id=\"fc8a629\" data-element_type=\"widget\" data-e-type=\"widget\" data-widget_type=\"heading.default\">\n\t\t\t\t<div class=\"elementor-widget-container\">\n\t\t\t\t\t<i class=\"icon_before fa fa-support\" aria-hidden=\"true\"><\/i><h1 class=\"elementor-heading-title elementor-size-xl\">BEZp\u0142atny dost\u0119p do sprz\u0119tu wodnego<\/h1>\t\t\t\t<\/div>\n\t\t\t\t<\/div>\n\t\t\t\t<section class=\"elementor-section elementor-inner-section elementor-element elementor-element-49bebd9 elementor-section-boxed elementor-section-height-default elementor-section-height-default\" data-id=\"49bebd9\" data-element_type=\"section\" data-e-type=\"section\">\n\t\t\t\t\t\t<div class=\"elementor-container elementor-column-gap-default\">\n\t\t\t\t\t<div class=\"elementor-column elementor-col-50 elementor-inner-column elementor-element elementor-element-28d6b9b\" data-id=\"28d6b9b\" data-element_type=\"column\" data-e-type=\"column\">\n\t\t\t<div class=\"elementor-widget-wrap elementor-element-populated\">\n\t\t\t\t\t\t<div class=\"elementor-element elementor-element-b3fa760 elementor-widget elementor-widget-image\" data-id=\"b3fa760\" data-element_type=\"widget\" data-e-type=\"widget\" data-widget_type=\"image.default\">\n\t\t\t\t<div class=\"elementor-widget-container\">\n\t\t\t\t\t\t\t\t\t\t\t\t\t\t\t<img fetchpriority=\"high\" decoding=\"async\" width=\"600\" height=\"400\" src=\"https:\/\/ostrodacamp.pl\/wp-content\/uploads\/2020\/10\/OC_2019_lato_036-1024x683.jpg\" class=\"attachment-large size-large wp-image-1711\" alt=\"\" srcset=\"https:\/\/ostrodacamp.pl\/wp-content\/uploads\/2020\/10\/OC_2019_lato_036-1024x683.jpg 1024w, https:\/\/ostrodacamp.pl\/wp-content\/uploads\/2020\/10\/OC_2019_lato_036-300x200.jpg 300w, https:\/\/ostrodacamp.pl\/wp-content\/uploads\/2020\/10\/OC_2019_lato_036-768x512.jpg 768w, https:\/\/ostrodacamp.pl\/wp-content\/uploads\/2020\/10\/OC_2019_lato_036-1536x1024.jpg 1536w, https:\/\/ostrodacamp.pl\/wp-content\/uploads\/2020\/10\/OC_2019_lato_036-400x267.jpg 400w, https:\/\/ostrodacamp.pl\/wp-content\/uploads\/2020\/10\/OC_2019_lato_036.jpg 1900w\" sizes=\"(max-width: 600px) 100vw, 600px\" \/>\t\t\t\t\t\t\t\t\t\t\t\t\t\t\t<\/div>\n\t\t\t\t<\/div>\n\t\t\t\t\t<\/div>\n\t\t<\/div>\n\t\t\t\t<div class=\"elementor-column elementor-col-50 elementor-inner-column elementor-element elementor-element-65a4f3a\" data-id=\"65a4f3a\" data-element_type=\"column\" data-e-type=\"column\">\n\t\t\t<div class=\"elementor-widget-wrap elementor-element-populated\">\n\t\t\t\t\t\t<div class=\"elementor-element elementor-element-dfd4c66 elementor-widget elementor-widget-image\" data-id=\"dfd4c66\" data-element_type=\"widget\" data-e-type=\"widget\" data-widget_type=\"image.default\">\n\t\t\t\t<div class=\"elementor-widget-container\">\n\t\t\t\t\t\t\t\t\t\t\t\t\t\t\t<img decoding=\"async\" width=\"600\" height=\"400\" src=\"https:\/\/ostrodacamp.pl\/wp-content\/uploads\/2019\/09\/KK_day_45-16-1024x683.jpg\" class=\"attachment-large size-large wp-image-1249\" alt=\"\" srcset=\"https:\/\/ostrodacamp.pl\/wp-content\/uploads\/2019\/09\/KK_day_45-16-1024x683.jpg 1024w, https:\/\/ostrodacamp.pl\/wp-content\/uploads\/2019\/09\/KK_day_45-16-300x200.jpg 300w, https:\/\/ostrodacamp.pl\/wp-content\/uploads\/2019\/09\/KK_day_45-16-768x512.jpg 768w, https:\/\/ostrodacamp.pl\/wp-content\/uploads\/2019\/09\/KK_day_45-16-400x267.jpg 400w\" sizes=\"(max-width: 600px) 100vw, 600px\" \/>\t\t\t\t\t\t\t\t\t\t\t\t\t\t\t<\/div>\n\t\t\t\t<\/div>\n\t\t\t\t\t<\/div>\n\t\t<\/div>\n\t\t\t\t\t<\/div>\n\t\t<\/section>\n\t\t\t\t<div class=\"elementor-element elementor-element-7d102a46 elementor-drop-cap-yes elementor-drop-cap-view-default elementor-widget elementor-widget-text-editor\" data-id=\"7d102a46\" data-element_type=\"widget\" data-e-type=\"widget\" data-settings=\"{&quot;drop_cap&quot;:&quot;yes&quot;}\" data-widget_type=\"text-editor.default\">\n\t\t\t\t<div class=\"elementor-widget-container\">\n\t\t\t\t\t\t\t\t\t<p><\/p>\n<p><span style=\"color: var( --e-global-color-text ); font-family: var( --e-global-typography-text-font-family ), Sans-serif; font-size: 1rem;\">Na naszych go\u015bci czeka szeroka baza sprz\u0119tu wodnego w cenie pobytu! \u00a0Je\u015bli masz ochot\u0119, mo\u017cesz poskaka\u0107 na ogromnej wodnej trampolinie, pop\u0142ywa\u0107 kajakiem, wzi\u0105\u0107 desk\u0119 surfingow\u0105 albo ogromne ko\u0142o do p\u0142ywania. A je\u015bli si\u0119 zm\u0119czysz zabawami w wodzie mo\u017cesz wzi\u0105\u0107 kocyk lub le\u017cak, ulubion\u0105 ksi\u0105\u017ck\u0119, zrelaksowa\u0107 si\u0119 i poopala\u0107 nad brzegiem jeziora.<\/span><\/p>\n<p><\/p>\n<p><\/p>\n<p><\/p>\t\t\t\t\t\t\t\t<\/div>\n\t\t\t\t<\/div>\n\t\t\t\t\t<\/div>\n\t\t<\/div>\n\t\t\t\t\t<\/div>\n\t\t<\/section>\n\t\t\t\t<section class=\"elementor-section elementor-top-section elementor-element elementor-element-0aeafb5 elementor-section-boxed elementor-section-height-default elementor-section-height-default\" data-id=\"0aeafb5\" data-element_type=\"section\" data-e-type=\"section\">\n\t\t\t\t\t\t<div class=\"elementor-container elementor-column-gap-default\">\n\t\t\t\t\t<div class=\"elementor-column elementor-col-100 elementor-top-column elementor-element elementor-element-29fa825\" data-id=\"29fa825\" data-element_type=\"column\" data-e-type=\"column\">\n\t\t\t<div class=\"elementor-widget-wrap elementor-element-populated\">\n\t\t\t\t\t\t<div class=\"elementor-element elementor-element-5022610 elementor-widget elementor-widget-spacer\" data-id=\"5022610\" data-element_type=\"widget\" data-e-type=\"widget\" data-widget_type=\"spacer.default\">\n\t\t\t\t<div class=\"elementor-widget-container\">\n\t\t\t\t\t\t\t<div class=\"elementor-spacer\">\n\t\t\t<div class=\"elementor-spacer-inner\"><\/div>\n\t\t<\/div>\n\t\t\t\t\t\t<\/div>\n\t\t\t\t<\/div>\n\t\t\t\t<div class=\"elementor-element elementor-element-75e851a elementor-heading__align-center elementor-widget elementor-widget-heading\" data-id=\"75e851a\" data-element_type=\"widget\" data-e-type=\"widget\" data-widget_type=\"heading.default\">\n\t\t\t\t<div class=\"elementor-widget-container\">\n\t\t\t\t\t<i class=\"icon_before opal-icon-badge\" aria-hidden=\"true\"><\/i><h1 class=\"elementor-heading-title elementor-size-xl\">przyjazna infrastruktura wok\u00f3\u0142 <\/h1>\t\t\t\t<\/div>\n\t\t\t\t<\/div>\n\t\t\t\t\t<\/div>\n\t\t<\/div>\n\t\t\t\t\t<\/div>\n\t\t<\/section>\n\t\t\t\t<section class=\"elementor-section elementor-top-section elementor-element elementor-element-669aa2d elementor-section-boxed elementor-section-height-default elementor-section-height-default\" data-id=\"669aa2d\" data-element_type=\"section\" data-e-type=\"section\">\n\t\t\t\t\t\t<div class=\"elementor-container elementor-column-gap-default\">\n\t\t\t\t\t<div class=\"elementor-column elementor-col-50 elementor-top-column elementor-element elementor-element-e0784a5\" data-id=\"e0784a5\" data-element_type=\"column\" data-e-type=\"column\">\n\t\t\t<div class=\"elementor-widget-wrap elementor-element-populated\">\n\t\t\t\t\t\t<div class=\"elementor-element elementor-element-4888775 elementor-widget elementor-widget-image\" data-id=\"4888775\" data-element_type=\"widget\" data-e-type=\"widget\" data-widget_type=\"image.default\">\n\t\t\t\t<div class=\"elementor-widget-container\">\n\t\t\t\t\t\t\t\t\t\t\t\t\t\t\t<img decoding=\"async\" width=\"600\" height=\"450\" src=\"https:\/\/ostrodacamp.pl\/wp-content\/uploads\/2020\/10\/108198434_3403031409708615_1126727761295847783_o-1024x768.jpg\" class=\"attachment-large size-large wp-image-1695\" alt=\"\" srcset=\"https:\/\/ostrodacamp.pl\/wp-content\/uploads\/2020\/10\/108198434_3403031409708615_1126727761295847783_o-1024x768.jpg 1024w, https:\/\/ostrodacamp.pl\/wp-content\/uploads\/2020\/10\/108198434_3403031409708615_1126727761295847783_o-300x225.jpg 300w, https:\/\/ostrodacamp.pl\/wp-content\/uploads\/2020\/10\/108198434_3403031409708615_1126727761295847783_o-768x576.jpg 768w, https:\/\/ostrodacamp.pl\/wp-content\/uploads\/2020\/10\/108198434_3403031409708615_1126727761295847783_o-1536x1152.jpg 1536w, https:\/\/ostrodacamp.pl\/wp-content\/uploads\/2020\/10\/108198434_3403031409708615_1126727761295847783_o-400x300.jpg 400w, https:\/\/ostrodacamp.pl\/wp-content\/uploads\/2020\/10\/108198434_3403031409708615_1126727761295847783_o.jpg 1900w\" sizes=\"(max-width: 600px) 100vw, 600px\" \/>\t\t\t\t\t\t\t\t\t\t\t\t\t\t\t<\/div>\n\t\t\t\t<\/div>\n\t\t\t\t\t<\/div>\n\t\t<\/div>\n\t\t\t\t<div class=\"elementor-column elementor-col-50 elementor-top-column elementor-element elementor-element-92402a6\" data-id=\"92402a6\" data-element_type=\"column\" data-e-type=\"column\">\n\t\t\t<div class=\"elementor-widget-wrap elementor-element-populated\">\n\t\t\t\t\t\t<div class=\"elementor-element elementor-element-87a0132 elementor-widget elementor-widget-text-editor\" data-id=\"87a0132\" data-element_type=\"widget\" data-e-type=\"widget\" data-widget_type=\"text-editor.default\">\n\t\t\t\t<div class=\"elementor-widget-container\">\n\t\t\t\t\t\t\t\t\t<p>W bezpo\u015brednim s\u0105siedztwie pla\u017cy s\u0105 toalety i prysznice.\u00a0<\/p>\n<p><span style=\"color: var( --e-global-color-text ); font-family: var( --e-global-typography-text-font-family ), Sans-serif; font-size: 1rem;\">Znajdziesz przy pla\u017cy kawiarenk\u0119 i sklepik, gdzie nie tylko napijesz si\u0119 \u015bwietnej kawy ale tak\u017ce w gor\u0105ce dni kupisz zimne napoje i lody oraz inne przek\u0105ski w dobrych cenach.\u00a0<\/span><\/p>\n<p>W niedalekiej odleg\u0142o\u015bci od pla\u017cy przygotowali\u015bmy dla naszych go\u015bci specjalne, kameralne miejsce na ognisko! Miejsce wr\u0119cz idealne \u017ceby spokojnie usi\u0105\u015b\u0107 przy ogniu i pogada\u0107 spokojnie o Bo\u017cych sprawach.\u00a0<\/p>\n<p>Je\u015bli chcecie, mo\u017cemy te\u017c przygotowa\u0107 nieodp\u0142atnie kolacj\u0119 &#8211; kie\u0142baski, kt\u00f3re sami upieczecie na ognisku, ziemniaczki pieczone, zestaw sur\u00f3wek, dadatki oraz ciep\u0142\u0105 herbat\u0119.\u00a0<\/p>\n<p>\u00a0<\/p>\t\t\t\t\t\t\t\t<\/div>\n\t\t\t\t<\/div>\n\t\t\t\t\t<\/div>\n\t\t<\/div>\n\t\t\t\t\t<\/div>\n\t\t<\/section>\n\t\t\t\t<section class=\"elementor-section elementor-top-section elementor-element elementor-element-1afc18f elementor-section-boxed elementor-section-height-default elementor-section-height-default\" data-id=\"1afc18f\" data-element_type=\"section\" data-e-type=\"section\">\n\t\t\t\t\t\t<div class=\"elementor-container elementor-column-gap-default\">\n\t\t\t\t\t<div class=\"elementor-column elementor-col-100 elementor-top-column elementor-element elementor-element-591d0cc\" data-id=\"591d0cc\" data-element_type=\"column\" data-e-type=\"column\">\n\t\t\t<div class=\"elementor-widget-wrap elementor-element-populated\">\n\t\t\t\t\t\t<section class=\"elementor-section elementor-inner-section elementor-element elementor-element-2563db3 elementor-section-boxed elementor-section-height-default elementor-section-height-default\" data-id=\"2563db3\" data-element_type=\"section\" data-e-type=\"section\">\n\t\t\t\t\t\t<div class=\"elementor-container elementor-column-gap-default\">\n\t\t\t\t\t<div class=\"elementor-column elementor-col-50 elementor-inner-column elementor-element elementor-element-4f623c2\" data-id=\"4f623c2\" data-element_type=\"column\" data-e-type=\"column\">\n\t\t\t<div class=\"elementor-widget-wrap elementor-element-populated\">\n\t\t\t\t\t\t<div class=\"elementor-element elementor-element-cebf569 elementor-widget elementor-widget-image\" data-id=\"cebf569\" data-element_type=\"widget\" data-e-type=\"widget\" data-widget_type=\"image.default\">\n\t\t\t\t<div class=\"elementor-widget-container\">\n\t\t\t\t\t\t\t\t\t\t\t\t\t\t\t<img loading=\"lazy\" decoding=\"async\" width=\"600\" height=\"390\" src=\"https:\/\/ostrodacamp.pl\/wp-content\/uploads\/2020\/11\/IMG_20190914_194627-600x390.jpg\" class=\"attachment-maisonco-featured-image-large size-maisonco-featured-image-large wp-image-1722\" alt=\"\" \/>\t\t\t\t\t\t\t\t\t\t\t\t\t\t\t<\/div>\n\t\t\t\t<\/div>\n\t\t\t\t\t<\/div>\n\t\t<\/div>\n\t\t\t\t<div class=\"elementor-column elementor-col-50 elementor-inner-column elementor-element elementor-element-d3d5197\" data-id=\"d3d5197\" data-element_type=\"column\" data-e-type=\"column\">\n\t\t\t<div class=\"elementor-widget-wrap elementor-element-populated\">\n\t\t\t\t\t\t<div class=\"elementor-element elementor-element-ae9113e elementor-widget elementor-widget-image\" data-id=\"ae9113e\" data-element_type=\"widget\" data-e-type=\"widget\" data-widget_type=\"image.default\">\n\t\t\t\t<div class=\"elementor-widget-container\">\n\t\t\t\t\t\t\t\t\t\t\t\t\t\t\t<img loading=\"lazy\" decoding=\"async\" width=\"600\" height=\"390\" src=\"https:\/\/ostrodacamp.pl\/wp-content\/uploads\/2020\/11\/IMG_20200724_183933-600x390.jpg\" class=\"attachment-maisonco-featured-image-large size-maisonco-featured-image-large wp-image-1723\" alt=\"\" \/>\t\t\t\t\t\t\t\t\t\t\t\t\t\t\t<\/div>\n\t\t\t\t<\/div>\n\t\t\t\t\t<\/div>\n\t\t<\/div>\n\t\t\t\t\t<\/div>\n\t\t<\/section>\n\t\t\t\t<div class=\"elementor-element elementor-element-9fb4b9c elementor-widget elementor-widget-text-editor\" data-id=\"9fb4b9c\" data-element_type=\"widget\" data-e-type=\"widget\" data-widget_type=\"text-editor.default\">\n\t\t\t\t<div class=\"elementor-widget-container\">\n\t\t\t\t\t\t\t\t\t<p><a href=\"http:\/\/ostrodacamp.pl\/wp-content\/uploads\/2020\/06\/Profil-wodny-k%C4%85pieliska-pleb..pdf\" target=\"_blank\" rel=\"noreferrer noopener\">profil wody k\u0105pieliska przy Ostr\u00f3da CAMP<\/a><\/p>\t\t\t\t\t\t\t\t<\/div>\n\t\t\t\t<\/div>\n\t\t\t\t\t<\/div>\n\t\t<\/div>\n\t\t\t\t\t<\/div>\n\t\t<\/section>\n\t\t\t\t<\/div>\n\t\t","protected":false},"excerpt":{"rendered":"<p>Strze\u017cona pla\u017ca na wy\u0142\u0105czno\u015b\u0107 Go\u015bcie odwiedzaj\u0105cy Ostr\u00f3da CAMP maj\u0105 bezp\u0142atny dost\u0119p do strze\u017conego k\u0105pieliska oraz sprz\u0119tu do rekreacji i wypoczynku na wodzie!\u00a0 O\u015brodek Ostr\u00f3da CAMP jest po\u0142o\u017cony bezpo\u015brednio nad jeziorem Perskim. Wychodz\u0105c przez tyln\u0105 bram\u0119 o\u015brodka, wystarczy przej\u015b\u0107 15 krok\u00f3w, aby znale\u017a\u0107 si\u0119 bezpo\u015brednio nad wod\u0105, na pla\u017cy z \u0142agodnym zej\u015bciem do wody i licznymi &hellip; <\/p>\n<p class=\"link-more\"><a href=\"https:\/\/ostrodacamp.pl\/index.php\/kapielisko\/\" class=\"more-link\">Read More <span class=\"screen-reader-text\"> &#8222;K\u0104PIELISKO&#8221;<\/span><\/a><\/p>\n","protected":false},"author":1,"featured_media":0,"parent":0,"menu_order":0,"comment_status":"closed","ping_status":"closed","template":"","meta":{"inline_featured_image":false,"footnotes":""},"class_list":["post-1557","page","type-page","status-publish","hentry"],"_links":{"self":[{"href":"https:\/\/ostrodacamp.pl\/index.php\/wp-json\/wp\/v2\/pages\/1557","targetHints":{"allow":["GET"]}}],"collection":[{"href":"https:\/\/ostrodacamp.pl\/index.php\/wp-json\/wp\/v2\/pages"}],"about":[{"href":"https:\/\/ostrodacamp.pl\/index.php\/wp-json\/wp\/v2\/types\/page"}],"author":[{"embeddable":true,"href":"https:\/\/ostrodacamp.pl\/index.php\/wp-json\/wp\/v2\/users\/1"}],"replies":[{"embeddable":true,"href":"https:\/\/ostrodacamp.pl\/index.php\/wp-json\/wp\/v2\/comments?post=1557"}],"version-history":[{"count":14,"href":"https:\/\/ostrodacamp.pl\/index.php\/wp-json\/wp\/v2\/pages\/1557\/revisions"}],"predecessor-version":[{"id":1737,"href":"https:\/\/ostrodacamp.pl\/index.php\/wp-json\/wp\/v2\/pages\/1557\/revisions\/1737"}],"wp:attachment":[{"href":"https:\/\/ostrodacamp.pl\/index.php\/wp-json\/wp\/v2\/media?parent=1557"}],"curies":[{"name":"wp","href":"https:\/\/api.w.org\/{rel}","templated":true}]}}