{"id":1573,"date":"2020-10-13T19:46:53","date_gmt":"2020-10-13T19:46:53","guid":{"rendered":"http:\/\/ostrodacamp.pl\/?page_id=1573"},"modified":"2024-07-03T16:40:16","modified_gmt":"2024-07-03T16:40:16","slug":"galeria-zdjec-roznych-lato-2020","status":"publish","type":"page","link":"https:\/\/ostrodacamp.pl\/index.php\/galeria-zdjec-roznych-lato-2020\/","title":{"rendered":"Galeria zdj\u0119\u0107 r\u00f3\u017cnych lato 2020"},"content":{"rendered":"\t\t<div data-elementor-type=\"wp-page\" data-elementor-id=\"1573\" class=\"elementor elementor-1573\">\n\t\t\t\t\t\t<section class=\"elementor-section elementor-top-section elementor-element elementor-element-8197e54 elementor-section-boxed elementor-section-height-default elementor-section-height-default\" data-id=\"8197e54\" data-element_type=\"section\" data-e-type=\"section\">\n\t\t\t\t\t\t<div class=\"elementor-container elementor-column-gap-default\">\n\t\t\t\t\t<div class=\"elementor-column elementor-col-100 elementor-top-column elementor-element elementor-element-0cfb776\" data-id=\"0cfb776\" data-element_type=\"column\" data-e-type=\"column\">\n\t\t\t<div class=\"elementor-widget-wrap elementor-element-populated\">\n\t\t\t\t\t\t<div class=\"elementor-element elementor-element-7c7d0e9 elementor-widget elementor-widget-image\" data-id=\"7c7d0e9\" data-element_type=\"widget\" data-e-type=\"widget\" data-widget_type=\"image.default\">\n\t\t\t\t<div class=\"elementor-widget-container\">\n\t\t\t\t\t\t\t\t\t\t\t\t\t\t\t<img fetchpriority=\"high\" decoding=\"async\" width=\"600\" height=\"400\" src=\"https:\/\/ostrodacamp.pl\/wp-content\/uploads\/2020\/10\/OC_2019_lato_015-1024x683.jpg\" class=\"attachment-large size-large wp-image-1709\" alt=\"\" srcset=\"https:\/\/ostrodacamp.pl\/wp-content\/uploads\/2020\/10\/OC_2019_lato_015-1024x683.jpg 1024w, https:\/\/ostrodacamp.pl\/wp-content\/uploads\/2020\/10\/OC_2019_lato_015-300x200.jpg 300w, https:\/\/ostrodacamp.pl\/wp-content\/uploads\/2020\/10\/OC_2019_lato_015-768x512.jpg 768w, https:\/\/ostrodacamp.pl\/wp-content\/uploads\/2020\/10\/OC_2019_lato_015-1536x1024.jpg 1536w, https:\/\/ostrodacamp.pl\/wp-content\/uploads\/2020\/10\/OC_2019_lato_015-400x267.jpg 400w, https:\/\/ostrodacamp.pl\/wp-content\/uploads\/2020\/10\/OC_2019_lato_015.jpg 1900w\" sizes=\"(max-width: 600px) 100vw, 600px\" \/>\t\t\t\t\t\t\t\t\t\t\t\t\t\t\t<\/div>\n\t\t\t\t<\/div>\n\t\t\t\t<div class=\"elementor-element elementor-element-60b0b2f elementor-widget elementor-widget-image\" data-id=\"60b0b2f\" data-element_type=\"widget\" data-e-type=\"widget\" data-widget_type=\"image.default\">\n\t\t\t\t<div class=\"elementor-widget-container\">\n\t\t\t\t\t\t\t\t\t\t\t\t\t\t\t<img decoding=\"async\" width=\"600\" height=\"400\" src=\"https:\/\/ostrodacamp.pl\/wp-content\/uploads\/2020\/10\/OC_2019_lato_009-1024x683.jpg\" class=\"attachment-large size-large wp-image-1708\" alt=\"\" srcset=\"https:\/\/ostrodacamp.pl\/wp-content\/uploads\/2020\/10\/OC_2019_lato_009-1024x683.jpg 1024w, https:\/\/ostrodacamp.pl\/wp-content\/uploads\/2020\/10\/OC_2019_lato_009-300x200.jpg 300w, https:\/\/ostrodacamp.pl\/wp-content\/uploads\/2020\/10\/OC_2019_lato_009-768x512.jpg 768w, https:\/\/ostrodacamp.pl\/wp-content\/uploads\/2020\/10\/OC_2019_lato_009-1536x1024.jpg 1536w, https:\/\/ostrodacamp.pl\/wp-content\/uploads\/2020\/10\/OC_2019_lato_009-400x267.jpg 400w, https:\/\/ostrodacamp.pl\/wp-content\/uploads\/2020\/10\/OC_2019_lato_009.jpg 1900w\" sizes=\"(max-width: 600px) 100vw, 600px\" \/>\t\t\t\t\t\t\t\t\t\t\t\t\t\t\t<\/div>\n\t\t\t\t<\/div>\n\t\t\t\t\t<\/div>\n\t\t<\/div>\n\t\t\t\t\t<\/div>\n\t\t<\/section>\n\t\t\t\t<section class=\"elementor-section elementor-top-section elementor-element elementor-element-2588503 elementor-section-boxed elementor-section-height-default elementor-section-height-default\" data-id=\"2588503\" data-element_type=\"section\" data-e-type=\"section\">\n\t\t\t\t\t\t<div class=\"elementor-container elementor-column-gap-default\">\n\t\t\t\t\t<div class=\"elementor-column elementor-col-100 elementor-top-column elementor-element elementor-element-e26dd47\" data-id=\"e26dd47\" data-element_type=\"column\" data-e-type=\"column\">\n\t\t\t<div class=\"elementor-widget-wrap elementor-element-populated\">\n\t\t\t\t\t\t<div class=\"elementor-element elementor-element-9fd351d elementor-widget elementor-widget-image\" data-id=\"9fd351d\" data-element_type=\"widget\" data-e-type=\"widget\" data-widget_type=\"image.default\">\n\t\t\t\t<div class=\"elementor-widget-container\">\n\t\t\t\t\t\t\t\t\t\t\t\t\t\t\t<img decoding=\"async\" width=\"600\" height=\"400\" src=\"https:\/\/ostrodacamp.pl\/wp-content\/uploads\/2020\/10\/OC_2019_lato_006-1024x683.jpg\" class=\"attachment-large size-large wp-image-1707\" alt=\"\" srcset=\"https:\/\/ostrodacamp.pl\/wp-content\/uploads\/2020\/10\/OC_2019_lato_006-1024x683.jpg 1024w, https:\/\/ostrodacamp.pl\/wp-content\/uploads\/2020\/10\/OC_2019_lato_006-300x200.jpg 300w, https:\/\/ostrodacamp.pl\/wp-content\/uploads\/2020\/10\/OC_2019_lato_006-768x512.jpg 768w, https:\/\/ostrodacamp.pl\/wp-content\/uploads\/2020\/10\/OC_2019_lato_006-1536x1024.jpg 1536w, https:\/\/ostrodacamp.pl\/wp-content\/uploads\/2020\/10\/OC_2019_lato_006-400x267.jpg 400w, https:\/\/ostrodacamp.pl\/wp-content\/uploads\/2020\/10\/OC_2019_lato_006.jpg 1900w\" sizes=\"(max-width: 600px) 100vw, 600px\" \/>\t\t\t\t\t\t\t\t\t\t\t\t\t\t\t<\/div>\n\t\t\t\t<\/div>\n\t\t\t\t\t<\/div>\n\t\t<\/div>\n\t\t\t\t\t<\/div>\n\t\t<\/section>\n\t\t\t\t<section class=\"elementor-section elementor-top-section elementor-element elementor-element-8e0452c elementor-section-boxed elementor-section-height-default elementor-section-height-default\" data-id=\"8e0452c\" data-element_type=\"section\" data-e-type=\"section\">\n\t\t\t\t\t\t<div class=\"elementor-container elementor-column-gap-default\">\n\t\t\t\t\t<div class=\"elementor-column elementor-col-100 elementor-top-column elementor-element elementor-element-46d8b57\" data-id=\"46d8b57\" data-element_type=\"column\" data-e-type=\"column\">\n\t\t\t<div class=\"elementor-widget-wrap elementor-element-populated\">\n\t\t\t\t\t\t<div class=\"elementor-element elementor-element-b4cbe8b elementor-widget elementor-widget-image\" data-id=\"b4cbe8b\" data-element_type=\"widget\" data-e-type=\"widget\" data-widget_type=\"image.default\">\n\t\t\t\t<div class=\"elementor-widget-container\">\n\t\t\t\t\t\t\t\t\t\t\t\t\t\t\t<img loading=\"lazy\" decoding=\"async\" width=\"600\" height=\"900\" src=\"https:\/\/ostrodacamp.pl\/wp-content\/uploads\/2020\/10\/OC_2019_lato_031-683x1024.jpg\" class=\"attachment-large size-large wp-image-1710\" alt=\"\" srcset=\"https:\/\/ostrodacamp.pl\/wp-content\/uploads\/2020\/10\/OC_2019_lato_031-683x1024.jpg 683w, https:\/\/ostrodacamp.pl\/wp-content\/uploads\/2020\/10\/OC_2019_lato_031-200x300.jpg 200w, https:\/\/ostrodacamp.pl\/wp-content\/uploads\/2020\/10\/OC_2019_lato_031-768x1152.jpg 768w, https:\/\/ostrodacamp.pl\/wp-content\/uploads\/2020\/10\/OC_2019_lato_031-1024x1536.jpg 1024w, https:\/\/ostrodacamp.pl\/wp-content\/uploads\/2020\/10\/OC_2019_lato_031-400x600.jpg 400w, https:\/\/ostrodacamp.pl\/wp-content\/uploads\/2020\/10\/OC_2019_lato_031.jpg 1267w\" sizes=\"(max-width: 600px) 100vw, 600px\" \/>\t\t\t\t\t\t\t\t\t\t\t\t\t\t\t<\/div>\n\t\t\t\t<\/div>\n\t\t\t\t\t<\/div>\n\t\t<\/div>\n\t\t\t\t\t<\/div>\n\t\t<\/section>\n\t\t\t\t<section class=\"elementor-section elementor-top-section elementor-element elementor-element-a701ff3 elementor-section-boxed elementor-section-height-default elementor-section-height-default\" data-id=\"a701ff3\" data-element_type=\"section\" data-e-type=\"section\">\n\t\t\t\t\t\t<div class=\"elementor-container elementor-column-gap-default\">\n\t\t\t\t\t<div class=\"elementor-column elementor-col-100 elementor-top-column elementor-element elementor-element-cd02697\" data-id=\"cd02697\" data-element_type=\"column\" data-e-type=\"column\">\n\t\t\t<div class=\"elementor-widget-wrap elementor-element-populated\">\n\t\t\t\t\t\t<div class=\"elementor-element elementor-element-05075aa elementor-widget elementor-widget-image\" data-id=\"05075aa\" data-element_type=\"widget\" data-e-type=\"widget\" data-widget_type=\"image.default\">\n\t\t\t\t<div class=\"elementor-widget-container\">\n\t\t\t\t\t\t\t\t\t\t\t\t\t\t\t<img loading=\"lazy\" decoding=\"async\" width=\"600\" height=\"400\" src=\"https:\/\/ostrodacamp.pl\/wp-content\/uploads\/2020\/10\/OC_2019_lato_002-1024x683.jpg\" class=\"attachment-large size-large wp-image-1706\" alt=\"\" srcset=\"https:\/\/ostrodacamp.pl\/wp-content\/uploads\/2020\/10\/OC_2019_lato_002-1024x683.jpg 1024w, https:\/\/ostrodacamp.pl\/wp-content\/uploads\/2020\/10\/OC_2019_lato_002-300x200.jpg 300w, https:\/\/ostrodacamp.pl\/wp-content\/uploads\/2020\/10\/OC_2019_lato_002-768x512.jpg 768w, https:\/\/ostrodacamp.pl\/wp-content\/uploads\/2020\/10\/OC_2019_lato_002-1536x1024.jpg 1536w, https:\/\/ostrodacamp.pl\/wp-content\/uploads\/2020\/10\/OC_2019_lato_002-400x267.jpg 400w, https:\/\/ostrodacamp.pl\/wp-content\/uploads\/2020\/10\/OC_2019_lato_002.jpg 1900w\" sizes=\"(max-width: 600px) 100vw, 600px\" \/>\t\t\t\t\t\t\t\t\t\t\t\t\t\t\t<\/div>\n\t\t\t\t<\/div>\n\t\t\t\t\t<\/div>\n\t\t<\/div>\n\t\t\t\t\t<\/div>\n\t\t<\/section>\n\t\t\t\t<section class=\"elementor-section elementor-top-section elementor-element elementor-element-617bb84 elementor-section-boxed elementor-section-height-default elementor-section-height-default\" data-id=\"617bb84\" data-element_type=\"section\" data-e-type=\"section\">\n\t\t\t\t\t\t<div class=\"elementor-container elementor-column-gap-default\">\n\t\t\t\t\t<div class=\"elementor-column elementor-col-100 elementor-top-column elementor-element elementor-element-53749c3\" data-id=\"53749c3\" data-element_type=\"column\" data-e-type=\"column\">\n\t\t\t<div class=\"elementor-widget-wrap elementor-element-populated\">\n\t\t\t\t\t\t<div class=\"elementor-element elementor-element-461b777 elementor-widget elementor-widget-image\" data-id=\"461b777\" data-element_type=\"widget\" data-e-type=\"widget\" data-widget_type=\"image.default\">\n\t\t\t\t<div class=\"elementor-widget-container\">\n\t\t\t\t\t\t\t\t\t\t\t\t\t\t\t<img loading=\"lazy\" decoding=\"async\" width=\"600\" height=\"400\" src=\"https:\/\/ostrodacamp.pl\/wp-content\/uploads\/2020\/10\/DSC_0727-1024x683.jpg\" class=\"attachment-large size-large wp-image-1701\" alt=\"\" srcset=\"https:\/\/ostrodacamp.pl\/wp-content\/uploads\/2020\/10\/DSC_0727-1024x683.jpg 1024w, https:\/\/ostrodacamp.pl\/wp-content\/uploads\/2020\/10\/DSC_0727-300x200.jpg 300w, https:\/\/ostrodacamp.pl\/wp-content\/uploads\/2020\/10\/DSC_0727-768x512.jpg 768w, https:\/\/ostrodacamp.pl\/wp-content\/uploads\/2020\/10\/DSC_0727-1536x1024.jpg 1536w, https:\/\/ostrodacamp.pl\/wp-content\/uploads\/2020\/10\/DSC_0727-400x267.jpg 400w, https:\/\/ostrodacamp.pl\/wp-content\/uploads\/2020\/10\/DSC_0727.jpg 1900w\" sizes=\"(max-width: 600px) 100vw, 600px\" \/>\t\t\t\t\t\t\t\t\t\t\t\t\t\t\t<\/div>\n\t\t\t\t<\/div>\n\t\t\t\t\t<\/div>\n\t\t<\/div>\n\t\t\t\t\t<\/div>\n\t\t<\/section>\n\t\t\t\t<section class=\"elementor-section elementor-top-section elementor-element elementor-element-52b7e46 elementor-section-boxed elementor-section-height-default elementor-section-height-default\" data-id=\"52b7e46\" data-element_type=\"section\" data-e-type=\"section\">\n\t\t\t\t\t\t<div class=\"elementor-container elementor-column-gap-default\">\n\t\t\t\t\t<div class=\"elementor-column elementor-col-100 elementor-top-column elementor-element elementor-element-23b8d54\" data-id=\"23b8d54\" data-element_type=\"column\" data-e-type=\"column\">\n\t\t\t<div class=\"elementor-widget-wrap elementor-element-populated\">\n\t\t\t\t\t\t<div class=\"elementor-element elementor-element-a4bad02 elementor-widget elementor-widget-image\" data-id=\"a4bad02\" data-element_type=\"widget\" data-e-type=\"widget\" data-widget_type=\"image.default\">\n\t\t\t\t<div class=\"elementor-widget-container\">\n\t\t\t\t\t\t\t\t\t\t\t\t\t\t\t<img loading=\"lazy\" decoding=\"async\" width=\"600\" height=\"450\" src=\"https:\/\/ostrodacamp.pl\/wp-content\/uploads\/2020\/10\/108198434_3403031409708615_1126727761295847783_o-1024x768.jpg\" class=\"attachment-large size-large wp-image-1695\" alt=\"\" srcset=\"https:\/\/ostrodacamp.pl\/wp-content\/uploads\/2020\/10\/108198434_3403031409708615_1126727761295847783_o-1024x768.jpg 1024w, https:\/\/ostrodacamp.pl\/wp-content\/uploads\/2020\/10\/108198434_3403031409708615_1126727761295847783_o-300x225.jpg 300w, https:\/\/ostrodacamp.pl\/wp-content\/uploads\/2020\/10\/108198434_3403031409708615_1126727761295847783_o-768x576.jpg 768w, https:\/\/ostrodacamp.pl\/wp-content\/uploads\/2020\/10\/108198434_3403031409708615_1126727761295847783_o-1536x1152.jpg 1536w, https:\/\/ostrodacamp.pl\/wp-content\/uploads\/2020\/10\/108198434_3403031409708615_1126727761295847783_o-400x300.jpg 400w, https:\/\/ostrodacamp.pl\/wp-content\/uploads\/2020\/10\/108198434_3403031409708615_1126727761295847783_o.jpg 1900w\" sizes=\"(max-width: 600px) 100vw, 600px\" \/>\t\t\t\t\t\t\t\t\t\t\t\t\t\t\t<\/div>\n\t\t\t\t<\/div>\n\t\t\t\t\t<\/div>\n\t\t<\/div>\n\t\t\t\t\t<\/div>\n\t\t<\/section>\n\t\t\t\t<section class=\"elementor-section elementor-top-section elementor-element elementor-element-ec7a967 elementor-section-boxed elementor-section-height-default elementor-section-height-default\" data-id=\"ec7a967\" data-element_type=\"section\" data-e-type=\"section\">\n\t\t\t\t\t\t<div class=\"elementor-container elementor-column-gap-default\">\n\t\t\t\t\t<div class=\"elementor-column elementor-col-100 elementor-top-column elementor-element elementor-element-9c36497\" data-id=\"9c36497\" data-element_type=\"column\" data-e-type=\"column\">\n\t\t\t<div class=\"elementor-widget-wrap elementor-element-populated\">\n\t\t\t\t\t\t<div class=\"elementor-element elementor-element-ebb122b elementor-widget elementor-widget-image\" data-id=\"ebb122b\" data-element_type=\"widget\" data-e-type=\"widget\" data-widget_type=\"image.default\">\n\t\t\t\t<div class=\"elementor-widget-container\">\n\t\t\t\t\t\t\t\t\t\t\t\t\t\t\t<img loading=\"lazy\" decoding=\"async\" width=\"600\" height=\"400\" src=\"https:\/\/ostrodacamp.pl\/wp-content\/uploads\/2020\/10\/DSC_0744-1024x683.jpg\" class=\"attachment-large size-large wp-image-1703\" alt=\"\" srcset=\"https:\/\/ostrodacamp.pl\/wp-content\/uploads\/2020\/10\/DSC_0744-1024x683.jpg 1024w, https:\/\/ostrodacamp.pl\/wp-content\/uploads\/2020\/10\/DSC_0744-300x200.jpg 300w, https:\/\/ostrodacamp.pl\/wp-content\/uploads\/2020\/10\/DSC_0744-768x512.jpg 768w, https:\/\/ostrodacamp.pl\/wp-content\/uploads\/2020\/10\/DSC_0744-1536x1024.jpg 1536w, https:\/\/ostrodacamp.pl\/wp-content\/uploads\/2020\/10\/DSC_0744-400x267.jpg 400w, https:\/\/ostrodacamp.pl\/wp-content\/uploads\/2020\/10\/DSC_0744.jpg 1900w\" sizes=\"(max-width: 600px) 100vw, 600px\" \/>\t\t\t\t\t\t\t\t\t\t\t\t\t\t\t<\/div>\n\t\t\t\t<\/div>\n\t\t\t\t\t<\/div>\n\t\t<\/div>\n\t\t\t\t\t<\/div>\n\t\t<\/section>\n\t\t\t\t<section class=\"elementor-section elementor-top-section elementor-element elementor-element-f861efc elementor-section-boxed elementor-section-height-default elementor-section-height-default\" data-id=\"f861efc\" data-element_type=\"section\" data-e-type=\"section\">\n\t\t\t\t\t\t<div class=\"elementor-container elementor-column-gap-default\">\n\t\t\t\t\t<div class=\"elementor-column elementor-col-100 elementor-top-column elementor-element elementor-element-da458cd\" data-id=\"da458cd\" data-element_type=\"column\" data-e-type=\"column\">\n\t\t\t<div class=\"elementor-widget-wrap elementor-element-populated\">\n\t\t\t\t\t\t<div class=\"elementor-element elementor-element-78a1909 elementor-widget elementor-widget-image\" data-id=\"78a1909\" data-element_type=\"widget\" data-e-type=\"widget\" data-widget_type=\"image.default\">\n\t\t\t\t<div class=\"elementor-widget-container\">\n\t\t\t\t\t\t\t\t\t\t\t\t\t\t\t<img loading=\"lazy\" decoding=\"async\" width=\"600\" height=\"450\" src=\"https:\/\/ostrodacamp.pl\/wp-content\/uploads\/2020\/10\/galeria009-1-1024x768.jpg\" class=\"attachment-large size-large wp-image-1688\" alt=\"\" srcset=\"https:\/\/ostrodacamp.pl\/wp-content\/uploads\/2020\/10\/galeria009-1-1024x768.jpg 1024w, https:\/\/ostrodacamp.pl\/wp-content\/uploads\/2020\/10\/galeria009-1-300x225.jpg 300w, https:\/\/ostrodacamp.pl\/wp-content\/uploads\/2020\/10\/galeria009-1-768x576.jpg 768w, https:\/\/ostrodacamp.pl\/wp-content\/uploads\/2020\/10\/galeria009-1-1536x1152.jpg 1536w, https:\/\/ostrodacamp.pl\/wp-content\/uploads\/2020\/10\/galeria009-1-400x300.jpg 400w, https:\/\/ostrodacamp.pl\/wp-content\/uploads\/2020\/10\/galeria009-1.jpg 2048w\" sizes=\"(max-width: 600px) 100vw, 600px\" \/>\t\t\t\t\t\t\t\t\t\t\t\t\t\t\t<\/div>\n\t\t\t\t<\/div>\n\t\t\t\t\t<\/div>\n\t\t<\/div>\n\t\t\t\t\t<\/div>\n\t\t<\/section>\n\t\t\t\t<\/div>\n\t\t","protected":false},"excerpt":{"rendered":"","protected":false},"author":1,"featured_media":1575,"parent":0,"menu_order":0,"comment_status":"closed","ping_status":"closed","template":"elementor_header_footer","meta":{"inline_featured_image":false,"footnotes":""},"class_list":["post-1573","page","type-page","status-publish","has-post-thumbnail","hentry"],"_links":{"self":[{"href":"https:\/\/ostrodacamp.pl\/index.php\/wp-json\/wp\/v2\/pages\/1573","targetHints":{"allow":["GET"]}}],"collection":[{"href":"https:\/\/ostrodacamp.pl\/index.php\/wp-json\/wp\/v2\/pages"}],"about":[{"href":"https:\/\/ostrodacamp.pl\/index.php\/wp-json\/wp\/v2\/types\/page"}],"author":[{"embeddable":true,"href":"https:\/\/ostrodacamp.pl\/index.php\/wp-json\/wp\/v2\/users\/1"}],"replies":[{"embeddable":true,"href":"https:\/\/ostrodacamp.pl\/index.php\/wp-json\/wp\/v2\/comments?post=1573"}],"version-history":[{"count":55,"href":"https:\/\/ostrodacamp.pl\/index.php\/wp-json\/wp\/v2\/pages\/1573\/revisions"}],"predecessor-version":[{"id":2168,"href":"https:\/\/ostrodacamp.pl\/index.php\/wp-json\/wp\/v2\/pages\/1573\/revisions\/2168"}],"wp:featuredmedia":[{"embeddable":true,"href":"https:\/\/ostrodacamp.pl\/index.php\/wp-json\/wp\/v2\/media\/1575"}],"wp:attachment":[{"href":"https:\/\/ostrodacamp.pl\/index.php\/wp-json\/wp\/v2\/media?parent=1573"}],"curies":[{"name":"wp","href":"https:\/\/api.w.org\/{rel}","templated":true}]}}