{"id":1657,"date":"2020-10-13T21:11:40","date_gmt":"2020-10-13T21:11:40","guid":{"rendered":"http:\/\/ostrodacamp.pl\/?page_id=1657"},"modified":"2024-06-27T10:12:44","modified_gmt":"2024-06-27T10:12:44","slug":"baza-noclegowa-oc","status":"publish","type":"page","link":"https:\/\/ostrodacamp.pl\/index.php\/baza-noclegowa-oc\/","title":{"rendered":"Baza noclegowa o\u015brodka Ostr\u00f3da CAMP"},"content":{"rendered":"\t\t<div data-elementor-type=\"wp-page\" data-elementor-id=\"1657\" class=\"elementor elementor-1657\">\n\t\t\t\t\t\t<section class=\"elementor-section elementor-top-section elementor-element elementor-element-bc72bb1 elementor-section-boxed elementor-section-height-default elementor-section-height-default\" data-id=\"bc72bb1\" data-element_type=\"section\" data-e-type=\"section\">\n\t\t\t\t\t\t<div class=\"elementor-container elementor-column-gap-default\">\n\t\t\t\t\t<div class=\"elementor-column elementor-col-100 elementor-top-column elementor-element elementor-element-6328095\" data-id=\"6328095\" data-element_type=\"column\" data-e-type=\"column\">\n\t\t\t<div class=\"elementor-widget-wrap elementor-element-populated\">\n\t\t\t\t\t\t<section class=\"elementor-section elementor-inner-section elementor-element elementor-element-5b1006b elementor-section-boxed elementor-section-height-default elementor-section-height-default\" data-id=\"5b1006b\" data-element_type=\"section\" data-e-type=\"section\">\n\t\t\t\t\t\t<div class=\"elementor-container elementor-column-gap-default\">\n\t\t\t\t\t<div class=\"elementor-column elementor-col-50 elementor-inner-column elementor-element elementor-element-8ae9e08\" data-id=\"8ae9e08\" data-element_type=\"column\" data-e-type=\"column\">\n\t\t\t<div class=\"elementor-widget-wrap elementor-element-populated\">\n\t\t\t\t\t\t<div class=\"elementor-element elementor-element-086b6fd elementor-drop-cap-yes elementor-drop-cap-view-default elementor-widget elementor-widget-text-editor\" data-id=\"086b6fd\" data-element_type=\"widget\" data-e-type=\"widget\" data-settings=\"{&quot;drop_cap&quot;:&quot;yes&quot;}\" data-widget_type=\"text-editor.default\">\n\t\t\t\t<div class=\"elementor-widget-container\">\n\t\t\t\t\t\t\t\t\t<p>Baza noclegowa dost\u0119pna dla go\u015bci Ostr\u00f3da CAMP to przede wszystkim budynek g\u0142\u00f3wny, w kt\u00f3rym dost\u0119pne jest niezale\u017cnie od pory roku 54 miejsc noclegowych w pokojach go\u015bcinnych rozsianych po ca\u0142ym budynku.\u00a0<\/p><p>Oddajemy do dyspozycji naszych obozowicz\u00f3w tak\u017ce domki letniskowe, ka\u017cdy z dwoma niezale\u017cnymi pokoikami, w kt\u00f3rych mo\u017ce mieszka\u0107 od 4 do 6 os\u00f3b. Domki pomieszcz\u0105 68 os\u00f3b. Ka\u017cdy z nich ma w\u0142asn\u0105 \u0142azienk\u0119. Dodatkowo przy kaplicy mieszcz\u0105 si\u0119 dwa pokoje (bez \u0142azienek), w kt\u00f3rych mo\u017ce mieszka\u0107 12 os\u00f3b.<\/p><p>W sumie mo\u017cemy pomie\u015bci\u0107 u nas grupy do 134 os\u00f3b.<\/p>\t\t\t\t\t\t\t\t<\/div>\n\t\t\t\t<\/div>\n\t\t\t\t\t<\/div>\n\t\t<\/div>\n\t\t\t\t<div class=\"elementor-column elementor-col-50 elementor-inner-column elementor-element elementor-element-491ea9a\" data-id=\"491ea9a\" data-element_type=\"column\" data-e-type=\"column\">\n\t\t\t<div class=\"elementor-widget-wrap elementor-element-populated\">\n\t\t\t\t\t\t<div class=\"elementor-element elementor-element-6b661cc elementor-widget elementor-widget-image\" data-id=\"6b661cc\" data-element_type=\"widget\" data-e-type=\"widget\" data-widget_type=\"image.default\">\n\t\t\t\t<div class=\"elementor-widget-container\">\n\t\t\t\t\t\t\t\t\t\t\t\t\t\t\t<img fetchpriority=\"high\" decoding=\"async\" width=\"600\" height=\"400\" src=\"https:\/\/ostrodacamp.pl\/wp-content\/uploads\/2020\/10\/1-1024x682.png\" class=\"attachment-large size-large wp-image-1611\" alt=\"\" srcset=\"https:\/\/ostrodacamp.pl\/wp-content\/uploads\/2020\/10\/1-1024x682.png 1024w, https:\/\/ostrodacamp.pl\/wp-content\/uploads\/2020\/10\/1-300x200.png 300w, https:\/\/ostrodacamp.pl\/wp-content\/uploads\/2020\/10\/1-768x512.png 768w, https:\/\/ostrodacamp.pl\/wp-content\/uploads\/2020\/10\/1-1536x1024.png 1536w, https:\/\/ostrodacamp.pl\/wp-content\/uploads\/2020\/10\/1-400x267.png 400w, https:\/\/ostrodacamp.pl\/wp-content\/uploads\/2020\/10\/1.png 2000w\" sizes=\"(max-width: 600px) 100vw, 600px\" \/>\t\t\t\t\t\t\t\t\t\t\t\t\t\t\t<\/div>\n\t\t\t\t<\/div>\n\t\t\t\t\t<\/div>\n\t\t<\/div>\n\t\t\t\t\t<\/div>\n\t\t<\/section>\n\t\t\t\t<section class=\"elementor-section elementor-inner-section elementor-element elementor-element-436bfbc elementor-section-boxed elementor-section-height-default elementor-section-height-default\" data-id=\"436bfbc\" data-element_type=\"section\" data-e-type=\"section\">\n\t\t\t\t\t\t<div class=\"elementor-container elementor-column-gap-default\">\n\t\t\t\t\t<div class=\"elementor-column elementor-col-50 elementor-inner-column elementor-element elementor-element-df19407\" data-id=\"df19407\" data-element_type=\"column\" data-e-type=\"column\">\n\t\t\t<div class=\"elementor-widget-wrap\">\n\t\t\t\t\t\t\t<\/div>\n\t\t<\/div>\n\t\t\t\t<div class=\"elementor-column elementor-col-50 elementor-inner-column elementor-element elementor-element-8a4a384\" data-id=\"8a4a384\" data-element_type=\"column\" data-e-type=\"column\">\n\t\t\t<div class=\"elementor-widget-wrap\">\n\t\t\t\t\t\t\t<\/div>\n\t\t<\/div>\n\t\t\t\t\t<\/div>\n\t\t<\/section>\n\t\t\t\t\t<\/div>\n\t\t<\/div>\n\t\t\t\t\t<\/div>\n\t\t<\/section>\n\t\t\t\t<section class=\"elementor-section elementor-top-section elementor-element elementor-element-b6f2dc9 elementor-section-boxed elementor-section-height-default elementor-section-height-default\" data-id=\"b6f2dc9\" data-element_type=\"section\" data-e-type=\"section\">\n\t\t\t\t\t\t<div class=\"elementor-container elementor-column-gap-default\">\n\t\t\t\t\t<div class=\"elementor-column elementor-col-100 elementor-top-column elementor-element elementor-element-d8c2dba\" data-id=\"d8c2dba\" data-element_type=\"column\" data-e-type=\"column\">\n\t\t\t<div class=\"elementor-widget-wrap elementor-element-populated\">\n\t\t\t\t\t\t<div class=\"elementor-element elementor-element-9b28d6d elementor-widget elementor-widget-image-gallery\" data-id=\"9b28d6d\" data-element_type=\"widget\" data-e-type=\"widget\" data-widget_type=\"image-gallery.default\">\n\t\t\t\t<div class=\"elementor-widget-container\">\n\t\t\t\t\t\t\t<div class=\"elementor-image-gallery\">\n\t\t\t\t\t<\/div>\n\t\t\t\t\t\t<\/div>\n\t\t\t\t<\/div>\n\t\t\t\t\t<\/div>\n\t\t<\/div>\n\t\t\t\t\t<\/div>\n\t\t<\/section>\n\t\t\t\t<\/div>\n\t\t","protected":false},"excerpt":{"rendered":"<p>Baza noclegowa dost\u0119pna dla go\u015bci Ostr\u00f3da CAMP to przede wszystkim budynek g\u0142\u00f3wny, w kt\u00f3rym dost\u0119pne jest niezale\u017cnie od pory roku 54 miejsc noclegowych w pokojach go\u015bcinnych rozsianych po ca\u0142ym budynku.\u00a0 Oddajemy do dyspozycji naszych obozowicz\u00f3w tak\u017ce domki letniskowe, ka\u017cdy z dwoma niezale\u017cnymi pokoikami, w kt\u00f3rych mo\u017ce mieszka\u0107 od 4 do 6 os\u00f3b. Domki pomieszcz\u0105 68 &hellip; <\/p>\n<p class=\"link-more\"><a href=\"https:\/\/ostrodacamp.pl\/index.php\/baza-noclegowa-oc\/\" class=\"more-link\">Read More <span class=\"screen-reader-text\"> &#8222;Baza noclegowa o\u015brodka Ostr\u00f3da CAMP&#8221;<\/span><\/a><\/p>\n","protected":false},"author":1,"featured_media":0,"parent":0,"menu_order":0,"comment_status":"closed","ping_status":"closed","template":"","meta":{"inline_featured_image":false,"footnotes":""},"class_list":["post-1657","page","type-page","status-publish","hentry"],"_links":{"self":[{"href":"https:\/\/ostrodacamp.pl\/index.php\/wp-json\/wp\/v2\/pages\/1657","targetHints":{"allow":["GET"]}}],"collection":[{"href":"https:\/\/ostrodacamp.pl\/index.php\/wp-json\/wp\/v2\/pages"}],"about":[{"href":"https:\/\/ostrodacamp.pl\/index.php\/wp-json\/wp\/v2\/types\/page"}],"author":[{"embeddable":true,"href":"https:\/\/ostrodacamp.pl\/index.php\/wp-json\/wp\/v2\/users\/1"}],"replies":[{"embeddable":true,"href":"https:\/\/ostrodacamp.pl\/index.php\/wp-json\/wp\/v2\/comments?post=1657"}],"version-history":[{"count":18,"href":"https:\/\/ostrodacamp.pl\/index.php\/wp-json\/wp\/v2\/pages\/1657\/revisions"}],"predecessor-version":[{"id":2040,"href":"https:\/\/ostrodacamp.pl\/index.php\/wp-json\/wp\/v2\/pages\/1657\/revisions\/2040"}],"wp:attachment":[{"href":"https:\/\/ostrodacamp.pl\/index.php\/wp-json\/wp\/v2\/media?parent=1657"}],"curies":[{"name":"wp","href":"https:\/\/api.w.org\/{rel}","templated":true}]}}